 - 4. Let s(b) = -5*b - 316. Let d(z) = 6*z + 253. Let c(i) = 5*d(i) + 4*s(i). Calculate c(h).
41
Let y = 1076 - 1075. Let b(p) = -p**3 - p**2 + 2*p - 1. Calculate b(y).
-1
Let o(v) = 1 - 2*v + 17 - 5. Let y(s) = -48*s + 1547. Let n be y(32). Determine o(n).
-9
Let b(k) = k + 2 - 4 + 0*k - 3. Let j be ((-3)/5)/((-7)/70). Suppose z + 17 = -3*d, -j*d + 3*z - 9 = -3*d. Determine b(d).
-10
Let t = -4956 - -4940. Let p(a) = -9*a - 99. Determine p(t).
45
Let p(t) = 2*t**3 + t**2 - 1. Suppose 2*x - 3*k + 3 = 0, 5 - 6 = -x + k. Suppose x = 2*y + 8. Determine p(y).
-2
Let p(w) = -2*w**3 - w**2 - 2*w + 4. Let n(a) = 15*a**3 - 13*a**2 + 15*a - 35. Let x(t) = n(t) + 8*p(t). Determine x(-21).
18
Let h(m) = -2*m**2 - 4*m - 1. Suppose -r + 5*v = -34, -r + v + 4 = -10. Suppose -18 = 3*w - r. Calculate h(w).
-7
Let l(v) = -v**3 - 3*v**2 + 29*v + 10. Suppose 0 = -222*s + 543 - 2097. Determine l(s).
3
Let o(p) = -p**3 - 8*p**2 - 7*p - 7. Let v(d) = 2*d**2 - 4*d + 3. Let m be v(3). Let y be -4 + 4 + 2 - m/1. Give o(y).
-7
Let f(x) = -18*x - 685*x**2 + 1 + 688*x**2 + 5. Calculate f(6).
6
Let i(g) = 14*g**2 - 38*g - 1. Let u(c) = 11*c**2 - 28*c - 1. Let w(p) = -10*i(p) + 13*u(p). Calculate w(-5).
-8
Let a be 1/(-5) - (99/(-5))/9. Suppose 0 = 2*p - 3*j + a, 1 = -2*p - 4*j + 27. Let r(q) = -q**3 + 5*q**2 + q + 7. Calculate r(p).
12
Let l(m) = m**2 - 2*m + 2*m + 1265029 - 1265032. Let q be (0/(-1))/(1 + 0). Calculate l(q).
-3
Let a be (0 - -3) + -3 - -2. Let c(k) = 18*k - 8*k**2 - 11*k**a + 17*k**2 - 9 - 6*k. Give c(6).
-9
Suppose -9*w - 15*w = -40*w - 32. Let j(y) be the second derivative of y**3/6 - y**2/2 + y. Let t be j(w). Let g(o) = -o**3 - 4*o**2 - o + 3. Calculate g(t).
-3
Let l(z) = -z - 1. Let f(r) = -6 - 6*r - 5 + 0*r - 5. Let g be f(-3). Let x be l(g). Let n(o) = o**2 + 5*o + 4. Calculate n(x).
-2
Let z(l) = -l**3 - 9*l**2 - 8*l + 50. Let q be z(-7). Let c(s) = -5*s + 31. What is c(q)?
-9
Let z(u) = 26*u - 27. Let c(j) = 128*j - 131. Let i(b) = -2*c(b) + 11*z(b). Determine i(1).
-5
Let f(w) = 296*w**2 - 148*w**2 - 4*w + 4*w - 8*w - 6 - 141*w**2 + w**3. Give f(-8).
-6
Let r(o) = -o**3 - 28*o**2 + 30*o + 35. Suppose 0 = 2*p - 3*y + 12 + 58, 0 = -4*p - 6*y - 92. What is r(p)?
6
Let p(w) = w**2 - 206989 + 206992 + 12*w - 10*w. Calculate p(-2).
3
Let j be (22/4)/(18/(-144)*4). Let h(k) = -k**2 - 17*k - 90. Determine h(j).
-24
Let j(x) = x**2 - 19*x + 87. Let v(i) = 77*i + 5167. Let z be v(-67). Determine j(z).
-1
Let i = -13522 - -13524. Let a(q) = -2*q**3 + 4*q - 1. Calculate a(i).
-9
Let n(i) be the first derivative of -i**4/4 + i**3/3 - i + 928. What is n(0)?
-1
Suppose 5*i = 2 - 52. Let a be ((-11)/(-3))/(i/30). Let n(s) = -s**2 - 113*s - 7 - 109*s + 210*s. Calculate n(a).
4
Let g be -18 + 2/2 - (29/(-29))/(-1). Let w(t) = t**3 + 19*t**2 + 19*t - 37. Determine w(g).
-55
Let o(j) be the third derivative of j**7/840 - j**6/60 + j**5/120 - j**4/12 + 233*j**3/6 - j**2 - 41. Let m(h) be the first derivative of o(h). Calculate m(3).
-26
Suppose -x - 49 + 68 = k, -119 = -5*x - k. Let o(i) = -i**3 + 23*i**2 + 50*i + 55. Determine o(x).
55
Suppose 2*n - 45 = 3*z, -n - 105 = -6*n + 5*z. Let w(y) be the third derivative of y**5/60 - 2*y**4/3 - 29*y**3/6 + 27*y**2. What is w(n)?
7
Let y(v) be the first derivative of -7*v**4/8 - v**3/3 + 29*v**2/2 - v - 49. Let a(z) be the second derivative of y(z). Determine a(-2).
40
Let p(f) be the first derivative of 2*f**3 - 3*f**2/2 - 3*f + 2068. Let r(j) = -11*j + 1. Let z be r(1). Let k = z - -8. Calculate p(k).
27
Let i be ((-11)/3 - -1)*(-3)/2. Suppose i*v - q - 33 = 4*q, 30 = 5*v + 5*q. Suppose 2*f = v*f - 0*f. Let c(x) = x**2 - x - 5. What is c(f)?
-5
Let k be ((-10)/(-4))/((74/(-370))/(4/(-10))). Let y(t) = -2*t**2 + 8*t - 11. Let q(o) = -o**2 + 4*o - 5. Let u(x) = -5*q(x) + 2*y(x). Determine u(k).
8
Let a(c) = c**3 - 8*c**2 - 46*c + 379. Let p be a(8). Let x(z) be the third derivative of -z**6/120 + z**5/5 - 11*z**4/24 + 5*z**3/3 + 9*z**2. What is x(p)?
10
Let i(m) = -12*m**3 + 33*m**2 - 44*m - 65. Let q(j) = 19*j**3 - 50*j**2 + 77*j + 98. Let l(c) = -8*i(c) - 5*q(c). Determine l(16).
14
Let p(f) = -10*f - 185. Let n(w) = -3*w - 57. Let s(u) = -7*n(u) + 2*p(u). What is s(-16)?
13
Let o be (1 + 3)/(18/27). Let t(d) = -9 + 4*d**2 - d**3 + d + o + d**2. Suppose -89*a - 85 = -106*a. Give t(a).
2
Let w(l) be the first derivative of l**4/4 - l**3/3 - 3*l**2 + 5*l - 108. Suppose 2*y + j - 11 = 0, -35 = -3*y - 4*j - 6. What is w(y)?
5
Let s(d) be the first derivative of d**2 - 37*d - 213. Determine s(26).
15
Let n(o) = -9*o**3 - 13*o**2 + 372*o - 24. Let p(y) = -4*y**3 - 6*y**2 + 171*y - 11. Let a(f) = 6*n(f) - 13*p(f). Determine a(-4).
91
Let v(r) = 2*r - 2. Suppose u = z - 538, -u = z + 211 + 331. Let t = u + 535. What is v(t)?
-12
Let f(t) = 32*t + 218. Let d be (-68)/14 - 195/91. What is f(d)?
-6
Let k(d) = -2957133*d + d**3 - 2*d**3 - 7*d**2 + 2957133*d + 12. Give k(-7).
12
Let i = 112 - 85. Let f(t) = -8*t - t**2 + 8*t - 2*t - i + 24. Determine f(-2).
-3
Suppose -38*l + 6 = -i - 34*l, -i + l = -3. Let c(o) = 1 - 2 + o**2 + 131*o - 136*o. Calculate c(i).
5
Let f(u) be the third derivative of u**5/10 + 89*u**4/12 + 56*u**3/3 - 2*u**2 - 24*u + 3. Calculate f(-29).
-4
Let s(b) be the third derivative of b**5/30 - b**4/6 - 5*b**3/6 - 5*b**2. Let t = -108 - -135. Let x(c) = 2*c**2 - 53*c - 23. Let g be x(t). Calculate s(g).
11
Let i = 2574 + -2584. Let p(j) = -4*j - 48. Give p(i).
-8
Let r(x) = 4 - 2*x - x**2 - 6 - 3 - 7*x. Determine r(-3).
13
Suppose 0 = 5*u + 3*n + 17, 4*u + 16 + 4 = -4*n. Let w(j) = -1 + 23*j + 5*j - 6*j - 2*j. Determine w(u).
-21
Let p = -10353 + 10352. Let b(a) = -27*a + 2. Determine b(p).
29
Let f(u) = -u + 35. Let d = 2038 - 2038. Determine f(d).
35
Let i(m) = m**2 + 49*m - 35. Let k(n) = -n**2 - 32*n + 21. Let h(t) = 5*i(t) + 8*k(t). Calculate h(-7).
-77
Suppose -4*q + 34 = 10. Let i be -6 - (-11 - (3 - 3)). Suppose q*d = -i - 1. Let y(n) = 3*n. Determine y(d).
-3
Let n(j) = 0*j + 6*j - 7*j - 10 - 13 - 20. Calculate n(14).
-57
Let o be ((640/(-6))/(-10))/((-22)/33). Let f(w) = -w**2 - 22*w - 109. Calculate f(o).
-13
Let n(d) = -d**2 + 58. Let c = 1546 - 1539. Determine n(c).
9
Let f(m) = -m**3 - 7*m**2 + 8*m + 11. Let b be 12/10*2380/(-357). Give f(b).
11
Suppose -85*l = l - 344. Let i(t) = t**2 + 2*t - 1. Give i(l).
23
Suppose 79*c + 5*k + 67 = 81*c, 3*c - k = 68. Suppose 9*d - 6*d + c = 0. Let g(n) = -n**2 - 11*n - 16. What is g(d)?
12
Let h = -30599/60 + 510. Let f(k) be the third derivative of 0*k + 7/24*k**4 - 23*k**2 + k**3 + h*k**5 + 0. Give f(-7).
6
Suppose 4*c + 0*c + 72 = 0. Let t(m) = 8*m**3 + 89*m**2 + 11*m + 13. Let b be t(-11). Let q = b + c. Let w(v) = -v**3 - 6*v**2 - 4*v + 5. Give w(q).
0
Let z(a) = -40 - 2*a + 146 - 34 - 20 - 27. Give z(12).
1
Let k(l) = -7*l**2 - 6*l - 5. Let h = 4790 - 4791. Calculate k(h).
-6
Let x(y) be the second derivative of -y**5/20 - 7*y**4/12 + 3*y**3/2 + y**2 - 81*y + 3. Let q = -32 - -24. Calculate x(q).
-6
Suppose 2*a - 4*a = -2. Let u(b) be the third derivative of -b**5/30 - b**3/6 + 1564*b**2 + 2*b. Give u(a).
-3
Let l be (-2)/(-3)*(-729)/162. Let w(v) = -2*v**2 - 15*v - 11. Let f(c) = -c**2 - 7*c - 5. Let d(z) = 5*f(z) - 2*w(z). Determine d(l).
3
Suppose 13 = 2*n + 8*p - 3*p, 5*p = 5. Suppose -z = -n*z + 9. Let c(t) = 11*t + 6. Let q(j) = 10*j + 5. Let a(g) = -6*c(g) + 7*q(g). Determine a(z).
11
Let r = 407 - 233. Let a be (4/(-2))/(r/18 + -10). Let f(t) = t**2 + 2. Let n(i) = 2*i**2 + i + 5. Let u(s) = 13*f(s) - 6*n(s). Calculate u(a).
-4
Suppose 544 = -12*o + 17*o - 39*o. Let j(i) = i**3 + 17*i**2 + 18*i + 28. What is j(o)?
-4
Let n(k) = k**3 + 6*k**2 - 6*k - 21. Let z = 5129 + -5135. What is n(z)?
15
Let l(u) = 3*u + 5 - u**2 - 3 - 2*u**2. Let q = -201 + 298. Suppose 0 = 9*j - q + 70. Determine l(j).
-16
Let v(x) = 3*x - 12. Let j(y) = -3. Let o(t) = -3*j(t) + 3*v(t). What is o(7)?
36
Let q(c) = 2*c**3 - 16*c**2 - 19*c + 1. Suppose 0 = -4*d - 0*v + 5*v + 26, 3*d + v = 29. What is q(d)?
-8
Let c(l) be the second derivative of l**5/60 - l**4/2 + l**3 + 42*l**2 + 3*l. Let n(t) be the first derivative of c(t). Calculate n(11).
-5
Suppose 1168 + 736 = -68*r. Let l be 266/8 + (-2)/8. Let o = l + r. Let u(p) = -p**3 + 4*p**2 + 5*p + 4. Give u(o).
4
Let g(